, what is -3020 - 230103?
-233123
In base 6, what is -10414 + -4130422?
-4141240
In base 2, what is 101111011111111011 + 10101011111?
101111110101011010
In base 4, what is 1123102112 + 212?
1123102330
In base 6, what is 44 + -103300234?
-103300150
In base 11, what is -113891923 - 3?
-113891926
In base 16, what is 14 - -16757d?
167591
In base 9, what is -556326 - 50?
-556376
In base 6, what is -223 + -2425223?
-2425450
In base 11, what is -993915 - -51?
-993874
In base 15, what is 2d - 542d0?
-542a2
In base 7, what is 1 - -111624166?
111624200
In base 3, what is -212 + 1102010020102?
1102010012120
In base 2, what is -1 + 1100110101111111001110111010?
1100110101111111001110111001
In base 12, what is -49a2100 - -3?
-49a20b9
In base 11, what is 17a95 + 341a?
20404
In base 10, what is 171 - 5802899?
-5802728
In base 8, what is -255574 - 1163?
-256757
In base 16, what is f - 620fec?
-620fdd
In base 5, what is 310211 + -143423?
111233
In base 15, what is -4de5a1 + 67?
-4de539
In base 13, what is 263 - 591c16?
-591983
In base 11, what is -12426627 - -5?
-12426622
In base 16, what is -461e + 4ba1?
583
In base 12, what is 279b4309 + 0?
279b4309
In base 2, what is 100111001100011110101100100 - 1?
100111001100011110101100011
In base 11, what is 5 + -6627881?
-6627877
In base 4, what is -11201202220011 - -10?
-11201202220001
In base 5, what is 42 - 1030121303?
-1030121211
In base 10, what is 44350 - 0?
44350
In base 16, what is 1 - 20152?
-20151
In base 7, what is -1435303 + -102?
-1435405
In base 3, what is -121002210000 - 1100?
-121002211100
In base 3, what is -22012 - -1012210212?
1012111200
In base 13, what is b6 - 336c25?
-336b3c
In base 5, what is 240431133 - 14403?
240411230
In base 9, what is -1347 - -478736?
477378
In base 3, what is -110101 + 100022002?
22211201
In base 4, what is 20 - 11220320333?
-11220320313
In base 13, what is -203957 + a?
-20394a
In base 6, what is 301340 + -331?
301005
In base 8, what is -2462 - 30331?
-33013
In base 12, what is 2099 + -2560?
-483
In base 9, what is -187477 - -150?
-187327
In base 13, what is 7740c - 29c?
77140
In base 9, what is -5 + -317275770?
-317275775
In base 5, what is -123203440 - 2214?
-123211204
In base 4, what is -21123000301 - 10?
-21123000311
In base 4, what is -12033023 + 32033?
-12000330
In base 7, what is 142 + -115434?
-115262
In base 2, what is 1100101101111111111111100 + 11?
1100101101111111111111111
In base 6, what is 5401 + -2454342?
-2444541
In base 8, what is -21304 - -143?
-21141
In base 8, what is -37 - 3373252?
-3373311
In base 4, what is 132130 - 111331323?
-111133133
In base 15, what is 90e5 - 126?
8ebe
In base 3, what is -12012 - -2210101211?
2210012122
In base 15, what is 4e + -6dc3?
-6d74
In base 8, what is -5 - -11556455?
11556450
In base 10, what is -736876 + -44?
-736920
In base 15, what is 1a3 + 5beb?
5d9e
In base 10, what is 10 - 19834182?
-19834172
In base 4, what is -121010132 + -111220?
-121122012
In base 11, what is -280969 - 32?
-2809a0
In base 15, what is bd1ba6 - 0?
bd1ba6
In base 7, what is -24552 + -61404?
-116256
In base 13, what is -4 - -147850a?
1478506
In base 16, what is c - 242475f?
-2424753
In base 9, what is -2018522 + -5?
-2018527
In base 4, what is 220121 + 211322033?
212202220
In base 4, what is 3030012 - 1101?
3022311
In base 12, what is -1809560 + 4?
-1809558
In base 14, what is -67dc - -6a?
-6772
In base 8, what is 11 + 126047045?
126047056
In base 3, what is -120 + -202100200001201?
-202100200002021
In base 2, what is -11111100101100110111 - 1000000?
-11111100101101110111
In base 12, what is -797b + 14964?
8ba5
In base 14, what is 693 - -13ab1?
14364
In base 12, what is 5478a64 + 3?
5478a67
In base 15, what is 178d24 - 42?
178cd2
In base 2, what is -10000 - 1001110011111001011101?
-1001110011111001101101
In base 4, what is -310231211023 + 10?
-310231211013
In base 12, what is -81585b + 0?
-81585b
In base 4, what is -111211220 + -20?
-111211300
In base 11, what is 28 + 349043?
349070
In base 13, what is -2b158b0 - 5?
-2b158b5
In base 10, what is -7643332 - 11?
-7643343
In base 10, what is 317 - -7606?
7923
In base 13, what is -7 + 334c28a?
334c283
In base 10, what is 1146063989 + 0?
1146063989
In base 9, what is -317 - 2147140?
-2147457
In base 3, what is -110021 + -2220022102210?
-2220022220001
In base 13, what is -44c0b3 - 9?
-44c0bc
In base 13, what is 37b + -4b0a?
-475c
In base 6, what is -5503 + -13210?
-23113
In base 13, what is 274a - -6c47?
9694
In base 8, what is 11706276 - -20?
11706316
In base 14, what is -6b0 - 38a1?
-4171
In base 2, what is -1110111 - -1110000110011111?
1110000100101000
In base 9, what is -3 + -171253661?
-171253664
In base 12, what is -8b82 - -11711?
474b
In base 14, what is a534397 - 0?
a534397
In base 3, what is 2020 + -1121200210?
-1121121120
In base 7, what is -1540 - 151323?
-153163
In base 14, what is 7 + -3678822?
-3678819
In base 14, what is 125 + 49d6?
4b1b
In base 10, what is 4 + -179248412?
-179248408
In base 13, what is b6 - -9122?
9208
In base 13, what is 39354 + c25?
3a279
In base 15, what is -68125 + 37?
-680dd
In base 2, what is -111101100011000 - -100011101?
-111100111111011
In base 8, what is -4 + -52404712?
-52404716
In base 2, what is 100011110111100001000 + -1101?
100011110111011111011
In base 6, what is 2421 + -401540?
-355115
In base 13, what is 6c99 - -578b?
c757
In base 15, what is 4 - 2edc870?
-2edc86b
In base 10, what is -27 - -563558?
563531
In base 11, what is -67 - -5605963?
56058a7
In base 2, what is 111111111111001011000 - -1111?
111111111111001100111
In base 2, what is -101000001010011 + 111100011100110?
10100010010011
In base 11, what is 41692 - -464a?
46231
In base 3, what is 212110002011000200 - -10?
212110002011000210
In base 4, what is 33 - 33013101312?
-33013101213
In base 15, what is -8da - -1c1?
-719
In base 2, what is 101110101 - 10101100010111100001?
-10101100010001101100
In base 2, what is -1011100 + 1011000010111010?
1011000001011110
In base 8, what is -513304562 + -3?
-513304565
In base 4, what is 103111022212 - 30?
103111022122
In base 16, what is 469915e - -6?
4699164
In base 10, what is -3 - 1789718?
-1789721
In base 11, what is 2 + 3253a724?
3253a726
In base 8, what is 47044432 - -7?
47044441
In base 10, what is -1 + -5359364?
-5359365
In base 6, what is 1 - -545251?
545252
In base 8, what is -44251 - -16035?
-26214
In base 7, what is 120 + 1620636?
1621056
In base 11, what is -9459a + -226?
-94815
In base 7, what is -10310 - -1133?
-6144
In base 13, what is 75b62b + 5?
75b633
In base 16, what is 15 - -22fdf94?
22fdfa9
In base 12, what is -6998 + b8?
-68a0
In base 12, what is 13a590 + -23?
13a569
In base 14, what is -265 + -c71cd?
-c7454
In base 15, what is -3 - -13e90bbd?
13e90bba
In base 6, what is -3104504525 + 4?
-3104504521
In base 7, what is -63015032 + 4?
-63015025
In base 16, what is 8463 + d1c?
917f
In base 16, what is 13581a01 - -3?
13581a04
In base 5, what is 4114 - 3000323?
-2441204
In base 4, what is 3333300 - -1111?
10001011
In base 3, what is 11002020012 - -1102?
11002021121
In base 14, what is -2 - 19315d8?
-19315da
In base 3, what is 122222202121111 - 1?
122222202121110
In base 4, what is 11111 + -131133333?
-131122222
In base 5, what is -220011 + -20421?
-240432
In base 14, what is -b89 + 8d5b?
81b2
In base 13, what is 108 - -34291?
34399
In base 14, what is 1 + -121b01c?
-121b01b
In base 7, what is -161052201 - 0?
-161052201
In base 9, what is 4651 - -11288?
16050
In base 4, what is 32330221 + 3030?
32333311
In base 8, what is -2153001 - 44?
-2153045
In base 13, what is -20ca765 + 0?
-20ca765
In base 7, what is 116545000 + -1?
116544666
In base 11, what is -1762a43 + 3?
-1762a40
In base 2, what is -100 - -1000111000100111010011?
1000111000100111001111
In base 15, what is -5 - -55c9e3?
55c9dd
In base 10, what is 62033430 + -2?
62033428
In base 16, what is -5 + 1626b9?
1626b4
In base 4, what is -11010200313 - -110?
-11010200203
In base 3, what is -2221201 + 121?
-2221010
In base 7, what is -565050563 - 11?
-565050604
In base 13, what is -6598 + 1990?
-4908
In base 9, what is 3426307 - 5?
3426302
In base 11, what is -a667 - -31a0?
-7477
In base 5, what is 1221104421143 + -4?
1221104421134
In base 8, what is -3173 - 4070?
-7263
In base 3, what is -11